{"id":216,"date":"2023-02-04T19:20:05","date_gmt":"2023-02-04T19:20:05","guid":{"rendered":"http:\/\/pauline-stephan.de\/?page_id=216"},"modified":"2026-02-15T16:34:27","modified_gmt":"2026-02-15T16:34:27","slug":"duo-giussani","status":"publish","type":"page","link":"https:\/\/pauline-stephan.de\/?page_id=216","title":{"rendered":"Duo Giussani"},"content":{"rendered":"\n<figure class=\"wp-block-image size-large\"><img loading=\"lazy\" width=\"1024\" height=\"681\" src=\"http:\/\/pauline-stephan.de\/wp-content\/uploads\/2024\/09\/Foto-Duo-Giussani-1024x681.jpg\" alt=\"\" class=\"wp-image-376\" srcset=\"https:\/\/pauline-stephan.de\/wp-content\/uploads\/2024\/09\/Foto-Duo-Giussani-1024x681.jpg 1024w, https:\/\/pauline-stephan.de\/wp-content\/uploads\/2024\/09\/Foto-Duo-Giussani-300x199.jpg 300w, https:\/\/pauline-stephan.de\/wp-content\/uploads\/2024\/09\/Foto-Duo-Giussani-768x511.jpg 768w, https:\/\/pauline-stephan.de\/wp-content\/uploads\/2024\/09\/Foto-Duo-Giussani-1536x1021.jpg 1536w, https:\/\/pauline-stephan.de\/wp-content\/uploads\/2024\/09\/Foto-Duo-Giussani-2048x1361.jpg 2048w\" sizes=\"(max-width: 1024px) 100vw, 1024px\" \/><figcaption><em>\u00a9 Oleksandra Kryvsha<\/em><\/figcaption><\/figure>\n\n\n\n<p class=\"has-text-align-center\"><em>\u201eMit einer Leidenschaft, die sich unmittelbar auf die Zuh\u00f6rer \u00fcbertr\u00e4gt\u201c<\/em>&nbsp;spielt das&nbsp;<strong>Duo Giussani<\/strong>&nbsp;Werke aus f\u00fcnf Jahrhunderten. In ihrem neuen Programm \u201eVon Brasilien ins Baltikum\u201c nehmen die beiden jungen K\u00fcnstler:innen ihr Publikum mit auf eine Reise, die \u00fcber verschiedene Kontinente und durch die unterschiedlichsten Musikepochen f\u00fchrt.&nbsp;<\/p>\n\n\n\n<p class=\"has-text-align-center\"><em>\u201eH\u00f6rgenuss, Ohrenschmaus \u2026 diese Worte beschreiben nur unzureichend die Sinnesfreuden, die Zuh\u00f6rer bei den Konzerten des Duo Giussani erleben k\u00f6nnen\u2026 Die K\u00fcnstler bieten eine Musik wie von einem anderen Stern. Die beiden K\u00fcnstler zelebrieren ein musikalisches Fest, das durch die H\u00f6hen und Tiefen kompositorischen Einfallsreichtums und einer geradezu zelebrierten Kunst von Instrumentenbeherrschung f\u00fchrte.\u201c<\/em>&nbsp;(Westf\u00e4lische Nachrichten)<\/p>\n\n\n\n<p class=\"has-text-align-center\"><strong>Pauline Stephan<\/strong>&nbsp;(Violoncello) und&nbsp;<strong>Julian Richter<\/strong>&nbsp;(Gitarre), beide geb\u00fcrtig aus dem Ruhrgebiet, lernten sich 2015 beim Studium an der Musikhochschule M\u00fcnster kennen. Schon nach wenigen Wochen gr\u00fcndeten sie das Duo Giussani.&nbsp;<\/p>\n\n\n\n<p class=\"has-text-align-center\">Neben der Suche nach Originalst\u00fccken f\u00fcr diese besondere Besetzung, spielen sie diverse Bearbeitungen, eigene Arrangements und Kompositionen, die dem Duo selbst gewidmet sind. Und so entstand ein Repertoire von Antonio Vivaldi bis nach Spanien zu Enrique Granados sowie von dem brasilianischen Komponisten Radam\u00e9s Gnattali bis hin zu der estnischen Komponistin Ester M\u00e4gi.<\/p>\n\n\n\n<p class=\"has-text-align-center\"> \u201ePure Spielfreude\u201c konnte das Duo Giussani schon bei einigen internationalen Festivals wie z.B. In <strong>Deutschland <\/strong>im Kloster Seeon, beim \u201eCelloherbst am Hellweg\u201c, in\u00a0<strong>Italien<\/strong>\u00a0beim \u201eNorth Lake Como Festival\u201c, in Levico Terme, beim \u201eHerbst Musicaux Festival\u201c im Palazzo Giusti Verona, bei den \u201eIncontri musicali d\u2019estate\u201c in Pescara, in\u00a0<strong>Frankreich<\/strong>\u00a0beim \u201eFestival des Heures Musicales\u201c in Binic, beim \u201eLes Cl\u00e9s du Classique\u201c in Osseja, beim \u201eLes Musicales de Saint-Martin\u201c in Paris, in\u00a0<strong>Spanien<\/strong>\u00a0auf Teneriffa beim \u201eFestival Aguere\u201c im Casino der Stadt La Laguna, auf Mallorca beim \u201eFestival Son Bono\u201c sowie in\u00a0<strong>Brasilien<\/strong>\u00a0beim \u201eFestival de Violoncelos de Ouro Branco\u201c sowie im Brucknerhaus in\u00a0<strong>\u00d6sterreich<\/strong>\u00a0zeigen. Im April 2025 trat das Duo Giussani auf einer <strong>Japan<\/strong>-Tournee in Konzerts\u00e4len in Hiroshima, Fukuoka und Tokio auf.<\/p>\n\n\n\n<p class=\"has-text-align-center\">K\u00fcrzlich gewann das Duo den zweiten Preis in der Kategorie Kammermusik beim achten \u201eNilo Peraldo Bert Gitarrenwettbewerb\u201c in Italien.<\/p>\n\n\n\n<p class=\"has-text-align-center\">Seit 2018 sind die beiden Musiker:innen Stipendiat:innen der Yehudi Menuhin Stiftung \u201e<em>Live Music Now\u201c.<\/em><\/p>\n\n\n\n<p class=\"has-text-align-center\"><a href=\"http:\/\/www.duo-giussani.de\" data-type=\"URL\" data-id=\"www.duo-giussani.de\">www.duo-giussani.de<\/a> <\/p>\n","protected":false},"excerpt":{"rendered":"<p>\u201eMit einer Leidenschaft, die sich unmittelbar auf die Zuh\u00f6rer \u00fcbertr\u00e4gt\u201c&nbsp;spielt das&nbsp;Duo Giussani&nbsp;Werke aus f\u00fcnf Jahrhunderten. In ihrem neuen Programm \u201eVon Brasilien ins Baltikum\u201c nehmen die beiden jungen K\u00fcnstler:innen ihr Publikum<span class=\"more-button\"><a href=\"https:\/\/pauline-stephan.de\/?page_id=216\" class=\"more-link\">Continue reading<span class=\"screen-reader-text\">Duo Giussani<\/span><\/a><\/span><\/p>\n","protected":false},"author":2,"featured_media":0,"parent":213,"menu_order":0,"comment_status":"closed","ping_status":"closed","template":"","meta":{"ngg_post_thumbnail":0},"_links":{"self":[{"href":"https:\/\/pauline-stephan.de\/index.php?rest_route=\/wp\/v2\/pages\/216"}],"collection":[{"href":"https:\/\/pauline-stephan.de\/index.php?rest_route=\/wp\/v2\/pages"}],"about":[{"href":"https:\/\/pauline-stephan.de\/index.php?rest_route=\/wp\/v2\/types\/page"}],"author":[{"embeddable":true,"href":"https:\/\/pauline-stephan.de\/index.php?rest_route=\/wp\/v2\/users\/2"}],"replies":[{"embeddable":true,"href":"https:\/\/pauline-stephan.de\/index.php?rest_route=%2Fwp%2Fv2%2Fcomments&post=216"}],"version-history":[{"count":13,"href":"https:\/\/pauline-stephan.de\/index.php?rest_route=\/wp\/v2\/pages\/216\/revisions"}],"predecessor-version":[{"id":587,"href":"https:\/\/pauline-stephan.de\/index.php?rest_route=\/wp\/v2\/pages\/216\/revisions\/587"}],"up":[{"embeddable":true,"href":"https:\/\/pauline-stephan.de\/index.php?rest_route=\/wp\/v2\/pages\/213"}],"wp:attachment":[{"href":"https:\/\/pauline-stephan.de\/index.php?rest_route=%2Fwp%2Fv2%2Fmedia&parent=216"}],"curies":[{"name":"wp","href":"https:\/\/api.w.org\/{rel}","templated":true}]}}