{"id":680,"date":"2026-08-19T08:01:23","date_gmt":"2026-08-19T08:01:23","guid":{"rendered":"http:\/\/pauline-stephan.de\/?post_type=tribe_events&#038;p=680"},"modified":"2026-08-19T08:01:23","modified_gmt":"2026-08-19T08:01:23","slug":"burgau-schloss-dueren-de","status":"publish","type":"tribe_events","link":"http:\/\/pauline-stephan.de\/?tribe_events=burgau-schloss-dueren-de","title":{"rendered":"Burgau Schloss, D\u00fcren (DE)"},"content":{"rendered":"<p>Werke von Rachmaninow, Lysenko, Cemeryte, T\u00fc\u00fcr, Brahms<\/p>\n<p>Pauline Stephan, Violoncello&nbsp;<br \/>\nFatjona Maliqi, Klavier&nbsp;<\/p>\n","protected":false},"excerpt":{"rendered":"<p>Werke von Rachmaninow, Lysenko, Cemeryte, T\u00fc\u00fcr, Brahms Pauline Stephan, Violoncello&nbsp; Fatjona Maliqi, Klavier&nbsp;<\/p>\n","protected":false},"author":2,"featured_media":0,"comment_status":"open","ping_status":"closed","template":"","meta":{"ngg_post_thumbnail":0,"_tribe_events_status":"","_tribe_events_status_reason":""},"tags":[],"tribe_events_cat":[],"_links":{"self":[{"href":"http:\/\/pauline-stephan.de\/index.php?rest_route=\/wp\/v2\/tribe_events\/680"}],"collection":[{"href":"http:\/\/pauline-stephan.de\/index.php?rest_route=\/wp\/v2\/tribe_events"}],"about":[{"href":"http:\/\/pauline-stephan.de\/index.php?rest_route=\/wp\/v2\/types\/tribe_events"}],"author":[{"embeddable":true,"href":"http:\/\/pauline-stephan.de\/index.php?rest_route=\/wp\/v2\/users\/2"}],"replies":[{"embeddable":true,"href":"http:\/\/pauline-stephan.de\/index.php?rest_route=%2Fwp%2Fv2%2Fcomments&post=680"}],"version-history":[{"count":1,"href":"http:\/\/pauline-stephan.de\/index.php?rest_route=\/wp\/v2\/tribe_events\/680\/revisions"}],"predecessor-version":[{"id":681,"href":"http:\/\/pauline-stephan.de\/index.php?rest_route=\/wp\/v2\/tribe_events\/680\/revisions\/681"}],"wp:attachment":[{"href":"http:\/\/pauline-stephan.de\/index.php?rest_route=%2Fwp%2Fv2%2Fmedia&parent=680"}],"wp:term":[{"taxonomy":"post_tag","embeddable":true,"href":"http:\/\/pauline-stephan.de\/index.php?rest_route=%2Fwp%2Fv2%2Ftags&post=680"},{"taxonomy":"tribe_events_cat","embeddable":true,"href":"http:\/\/pauline-stephan.de\/index.php?rest_route=%2Fwp%2Fv2%2Ftribe_events_cat&post=680"}],"curies":[{"name":"wp","href":"https:\/\/api.w.org\/{rel}","templated":true}]}}

Burgau Schloss, Düren (DE)

<p>Werke von Rachmaninow, Lysenko, Cemeryte, Tüür, Brahms</p>
<p>Pauline Stephan, Violoncello&nbsp;<br />
Fatjona Maliqi, Klavier&nbsp;</p>

<p>Werke von Rachmaninow, Lysenko, Cemeryte, Tüür, Brahms Pauline Stephan, Violoncello&nbsp; Fatjona Maliqi, Klavier&nbsp;</p>
