{"id":201,"date":"2023-02-04T13:43:26","date_gmt":"2023-02-04T13:43:26","guid":{"rendered":"http:\/\/pauline-stephan.de\/?page_id=201"},"modified":"2026-01-27T11:52:31","modified_gmt":"2026-01-27T11:52:31","slug":"italiano","status":"publish","type":"page","link":"http:\/\/pauline-stephan.de\/?page_id=201","title":{"rendered":"Italiano"},"content":{"rendered":"\n<div class=\"wp-block-image\"><figure class=\"aligncenter size-large is-resized\"><img loading=\"lazy\" src=\"http:\/\/pauline-stephan.de\/wp-content\/uploads\/2023\/02\/1823-683x1024.jpg\" alt=\"\" class=\"wp-image-210\" width=\"683\" height=\"1024\" srcset=\"http:\/\/pauline-stephan.de\/wp-content\/uploads\/2023\/02\/1823-683x1024.jpg 683w, http:\/\/pauline-stephan.de\/wp-content\/uploads\/2023\/02\/1823-200x300.jpg 200w, http:\/\/pauline-stephan.de\/wp-content\/uploads\/2023\/02\/1823-768x1152.jpg 768w, http:\/\/pauline-stephan.de\/wp-content\/uploads\/2023\/02\/1823-1024x1536.jpg 1024w, http:\/\/pauline-stephan.de\/wp-content\/uploads\/2023\/02\/1823-1366x2048.jpg 1366w, http:\/\/pauline-stephan.de\/wp-content\/uploads\/2023\/02\/1823.jpg 1575w\" sizes=\"(max-width: 683px) 100vw, 683px\" \/><figcaption>\u00a9 Volker Beushausen<\/figcaption><\/figure><\/div>\n\n\n\n<p class=\"has-text-align-left\"><strong>Pauline Stephan<\/strong>, nata a Unna in Germania, proviene da una famiglia di musicisti e ha ricevuto le prime lezioni di pianoforte all&#8217;et\u00e0 di cinque anni. Due anni dopo ha scoperto il suo amore per il violoncello e ha preso lezioni alla Scuola di Musica di Dortmund per diversi anni. <\/p>\n\n\n\n<p class=\"has-text-align-left\">In questo periodo vince premi in vari concorsi come Jugend musiziert e il Lions Club International Music Competition prima che il Prof. Matias de Oliveira si accorga di lei e la insegna negli anni successivi. Dopo il diploma di maturit\u00e0, ha studiato nella sua classe alla Musikhochschule M\u00fcnster, dove ha superato gli esami per il Bachelor of Music artistico e pedagogico nel 2020 e nel 2021 con il voto molto buono.<br><br>Durante questo periodo di studio, ha ricevuto importanti impulsi artistici da Enrico Bronzi, Marcio Caneiro, Julia Hagen, Arthur Hornig,  Jan Ickert e Gabriel Schwabe.<br>Nel 2021 ha poi iniziato un master in musica da camera presso il Conservatorio Statale di Musica di Torino con il pianista Antonio Valentino (Trio Debussy) e da allora studia contemporaneamente nella classe di violoncello di Luca Magariello (primo violoncellista dell&#8217;Orchestra sinfonica nazionale della RAI), prima presso la Milano Music Master School e, dal 2022, presso l&#8217;Accademia di Musica di Pinerolo. Nel 2023 Si \u00e8 diplomata con il Diploma accademico di II livello in Musica da camera con il massimo dei voti e la lode. <\/p>\n\n\n\n<p class=\"has-text-align-left\">Dal 2023 sta studiando per un master artistico presso l&#8217;Universit\u00e0 privata Anton Bruckner di Linz, prima nella classe di violoncello della professoressa Vashti Hunter e attualmente con Bertin Christelbauer (Bruckner Orchester). Riceve regolarmente lezioni di musica da camera da Connie Shih al Mozarteum di Salisburgo e a Linz da Meesun Hong-Coleman, Saskia Giorgini e Florian Sch\u00f6tz.<\/p>\n\n\n\n<p class=\"has-text-align-left\">Da diversi anni Pauline Stephan si esibisce in progetti orchestrali come al Teatro di M\u00fcnster o con un&#8217;orchestra da camera internazionale in Svizzera, ma anche come solista con orchestre da camera e soprattutto in concerti da camera con il Duo Giussani, che ha fondato nel 2015 con il chitarrista Julian Richter, in duo con pianoforte e varie formazioni cameristiche, non solo su palcoscenici europei:<\/p>\n\n\n\n<p class=\"has-text-align-left\"><br>In <strong>Croazia<\/strong> al &#8222;Bachtage Split&#8220;, in <strong>Francia<\/strong> al &#8222;Des Heures Musiscales&#8220; e al &#8222;Les Cl\u00e8s du Classique&#8220;, in <strong>Italia<\/strong> al &#8222;North Lake Como Festival&#8220;, agli &#8222;Incontri Musicali Mediterranei Crotone&#8220; nel Museo Pitagora di Crotone, a Palazzo Giusto Verona, a Levico Terme e all&#8217;Hofburg Brixen, In <strong>Spagna<\/strong> a Tenerife al \u201cFestival Aguere\u201d nel casin\u00f2 della citt\u00e0 di La Laguna, a Maiorca al \u201cFestival Son Bono\u201d, in <strong>Svizzera<\/strong> al &#8222;Festival d&#8217;Anniviers&#8220;, in <strong>Brasile<\/strong> al &#8222;Festival de Violoncelos de Ouro Branco&#8220;, in <strong>Austria<\/strong> al Brucknerhaus e in <strong>Germania<\/strong> al Monastero di Seeon, al Haus Opherdicke, al Castello di M\u00fcnster, alla Haus Opherdicke e e al Museo Emil Schumacher, dove ha assunto la direzione artistica della serie \u201cYoung European Classic\u201d nel 2023. Nel 2025 si \u00e8 esibita con il suo Duo Giussani in una tourn\u00e9e in <strong>Giappone<\/strong> nelle sale da concerto di Hiroshima, Fukuoka e Tokyo. <\/p>\n\n\n\n<p class=\"has-text-align-left\">Suona regolarmente  al festival \u201cCelloherbst am Hellweg\u201d e da oltre 10 anni \u00e8 membro dei 12 Hellweger Cellisten, con i quali si \u00e8 anche esibita come solista e ha registrato un CD nel 2019. Come solista si \u00e8 esibita inoltre nel 2019 con i Virtuosi di Spalato in Croazia e in Germania. Nel novembre 2025 ha eseguito il Concerto di Dvo\u0159\u00e1k presso l\u2019Orchesterzentrum NRW.<\/p>\n\n\n\n<p class=\"has-text-align-center\">La <em>Westf\u00e4lische Nachrichten<\/em> ha scritto del Duo Giussani:<\/p>\n\n\n\n<p class=\"has-text-align-center\"><em>&#8222;Piacere dell&#8217;ascolto, festa per le orecchie\u2026 queste parole descrivono solo in modo inadeguato le delizie sensoriali che gli ascoltatori possono sperimentare ai concerti del Duo Giussani\u2026 Gli artisti offrono musica come se provenisse da un&#8217;altra stella. I due artisti celebrano una festa musicale che conduce attraverso gli alti e i bassi dell&#8217;ingegno compositivo e di un&#8217;arte quasi celebrata della maestria strumentale.&#8220;<\/em><br><a href=\"http:\/\/www.duo-giussani.de\">www.duo-giussani.de<\/a><\/p>\n\n\n\n<p class=\"has-text-align-left\">L&#8217;artista \u00e8 anche particolarmente impegnata a sostenere progetti musicali per bambini. Ad esempio, partecipa regolarmente a concerti per bambini come il &#8222;Carnevale degli animali&#8220;, &#8222;Il liutaio di Cremona&#8220; o &#8222;Un castello pieno di musica&#8220;, avvicinando cos\u00ec il variegato ed emozionante mondo della musica ai bambini.<\/p>\n\n\n\n<p class=\"has-text-align-left\">Dal 2018 Pauline Stephan \u00e8 borsista della Fondazione Yehudi Menuhin &#8222;Live Music Now&#8220;.<br>e nel 2022 ha ricevuto una borsa di studio dal governo italiano per i suoi successi musicali. Recentemente ha vinto un premio nella categoria musica da camera al concorso Nilo Peraldo Bert di Biella, Italia.<\/p>\n","protected":false},"excerpt":{"rendered":"<p>Pauline Stephan, nata a Unna in Germania, proviene da una famiglia di musicisti e ha ricevuto le prime lezioni di pianoforte all&#8217;et\u00e0 di cinque anni. Due anni dopo ha scoperto<span class=\"more-button\"><a href=\"http:\/\/pauline-stephan.de\/?page_id=201\" class=\"more-link\">Continue reading<span class=\"screen-reader-text\">Italiano<\/span><\/a><\/span><\/p>\n","protected":false},"author":2,"featured_media":0,"parent":2,"menu_order":2,"comment_status":"closed","ping_status":"closed","template":"","meta":{"ngg_post_thumbnail":0},"_links":{"self":[{"href":"http:\/\/pauline-stephan.de\/index.php?rest_route=\/wp\/v2\/pages\/201"}],"collection":[{"href":"http:\/\/pauline-stephan.de\/index.php?rest_route=\/wp\/v2\/pages"}],"about":[{"href":"http:\/\/pauline-stephan.de\/index.php?rest_route=\/wp\/v2\/types\/page"}],"author":[{"embeddable":true,"href":"http:\/\/pauline-stephan.de\/index.php?rest_route=\/wp\/v2\/users\/2"}],"replies":[{"embeddable":true,"href":"http:\/\/pauline-stephan.de\/index.php?rest_route=%2Fwp%2Fv2%2Fcomments&post=201"}],"version-history":[{"count":19,"href":"http:\/\/pauline-stephan.de\/index.php?rest_route=\/wp\/v2\/pages\/201\/revisions"}],"predecessor-version":[{"id":577,"href":"http:\/\/pauline-stephan.de\/index.php?rest_route=\/wp\/v2\/pages\/201\/revisions\/577"}],"up":[{"embeddable":true,"href":"http:\/\/pauline-stephan.de\/index.php?rest_route=\/wp\/v2\/pages\/2"}],"wp:attachment":[{"href":"http:\/\/pauline-stephan.de\/index.php?rest_route=%2Fwp%2Fv2%2Fmedia&parent=201"}],"curies":[{"name":"wp","href":"https:\/\/api.w.org\/{rel}","templated":true}]}}